hat is the hundreds digit of 6911?
9
What is the hundreds digit of 7488?
4
What is the units digit of 16477?
7
What is the hundreds digit of 2741?
7
What is the ten thousands digit of 21360?
2
What is the units digit of 141593?
3
What is the hundreds digit of 3236?
2
What is the hundreds digit of 620?
6
What is the hundred thousands digit of 125770?
1
What is the hundreds digit of 582?
5
What is the hundreds digit of 803?
8
What is the hundreds digit of 996?
9
What is the tens digit of 9291?
9
What is the hundreds digit of 109740?
7
What is the hundreds digit of 8800?
8
What is the units digit of 2006?
6
What is the units digit of 4654?
4
What is the tens digit of 174746?
4
What is the units digit of 313?
3
What is the units digit of 11773?
3
What is the tens digit of 6801?
0
What is the units digit of 2761?
1
What is the tens digit of 92?
9
What is the units digit of 6501?
1
What is the thousands digit of 17605?
7
What is the hundreds digit of 1270?
2
What is the units digit of 792?
2
What is the hundreds digit of 15853?
8
What is the units digit of 3204?
4
What is the tens digit of 19337?
3
What is the units digit of 734?
4
What is the hundreds digit of 17566?
5
What is the thousands digit of 3879?
3
What is the thousands digit of 7250?
7
What is the units digit of 4971?
1
What is the hundreds digit of 1819?
8
What is the units digit of 8544?
4
What is the tens digit of 5613?
1
What is the units digit of 1427?
7
What is the hundreds digit of 212?
2
What is the tens digit of 36084?
8
What is the units digit of 17327?
7
What is the thousands digit of 1519?
1
What is the tens digit of 3629?
2
What is the tens digit of 4466?
6
What is the units digit of 5394?
4
What is the units digit of 12823?
3
What is the tens digit of 4533?
3
What is the units digit of 1199?
9
What is the thousands digit of 48539?
8
What is the tens digit of 6880?
8
What is the thousands digit of 1169?
1
What is the units digit of 34486?
6
What is the tens digit of 413?
1
What is the units digit of 2042?
2
What is the thousands digit of 28813?
8
What is the units digit of 13355?
5
What is the units digit of 8890?
0
What is the hundreds digit of 1592?
5
What is the hundreds digit of 13128?
1
What is the units digit of 2635?
5
What is the units digit of 31?
1
What is the units digit of 148477?
7
What is the hundreds digit of 24358?
3
What is the tens digit of 635?
3
What is the ten thousands digit of 120937?
2
What is the thousands digit of 55447?
5
What is the thousands digit of 67686?
7
What is the tens digit of 7433?
3
What is the thousands digit of 3298?
3
What is the hundreds digit of 275?
2
What is the units digit of 24027?
7
What is the tens digit of 25988?
8
What is the tens digit of 2956?
5
What is the ten thousands digit of 121079?
2
What is the units digit of 1367?
7
What is the hundreds digit of 711?
7
What is the thousands digit of 1972?
1
What is the thousands digit of 60018?
0
What is the tens digit of 1669?
6
What is the thousands digit of 53113?
3
What is the tens digit of 14?
1
What is the tens digit of 1897?
9
What is the tens digit of 8394?
9
What is the tens digit of 1947?
4
What is the tens digit of 2971?
7
What is the thousands digit of 18189?
8
What is the units digit of 55620?
0
What is the hundreds digit of 22223?
2
What is the units digit of 869?
9
What is the thousands digit of 7700?
7
What is the hundreds digit of 6541?
5
What is the units digit of 2259?
9
What is the tens digit of 99?
9
What is the tens digit of 3724?
2
What is the units digit of 525?
5
What is the units digit of 94?
4
What is the thousands digit of 89391?
9
What is the units digit of 392?
2
What is the tens digit of 1345?
4
What is the units digit of 1739?
9
What is the tens digit of 590?
9
What is the units digit of 40168?
8
What is the tens digit of 6049?
4
What is the hundreds digit of 3341?
3
What is the thousands digit of 7074?
7
What is the hundreds digit of 43748?
7
What is the hundreds digit of 9739?
7
What is the units digit of 20950?
0
What is the thousands digit of 16794?
6
What is the hundreds digit of 38291?
2
What is the units digit of 13789?
9
What is the hundreds digit of 21194?
1
What is the units digit of 938?
8
What is the tens digit of 3789?
8
What is the units digit of 28?
8
What is the tens digit of 178?
7
What is the tens digit of 27853?
5
What is the tens digit of 22541?
4
What is the tens digit of 4961?
6
What is the tens digit of 967?
6
What is the units digit of 2668?
8
What is the tens digit of 3952?
5
What is the tens digit of 4596?
9
What is the ten thousands digit of 94927?
9
What is the hundreds digit of 287?
2
What is the units digit of 2197?
7
What is the hundreds digit of 2509?
5
What is the units digit of 2732?
2
What is the thousands digit of 1131?
1
What is the ten thousands digit of 69218?
6
What is the tens digit of 9523?
2
What is the hundreds digit of 40414?
4
What is the hundreds digit of 1135?
1
What is the hundreds digit of 3199?
1
What is the tens digit of 39?
3
What is the tens digit of 1097?
9
What is the thousands digit of 8150?
8
What is the hundreds digit of 1289?
2
What is the hundreds digit of 2188?
1
What is the tens digit of 2384?
8
What is the hundreds digit of 12369?
3
What is the ten thousands digit of 58871?
5
What is the tens digit of 7948?
4
What is the units digit of 112?
2
What is the tens digit of 11540?
4
What is the hundred thousands digit of 112116?
1
What is the ten thousands digit of 17756?
1
What is the thousands digit of 3248?
3
What is the tens digit of 469?
6
What is the thousands digit of 22104?
2
What is the units digit of 1294?
4
What is the tens digit of 16168?
6
What is the ten thousands digit of 21079?
2
What is the tens digit of 65389?
8
What is the thousands digit of 2254?
2
What is the ten thousands digit of 18104?
1
What is the hundreds digit of 1192?
1
What is the thousands digit of 12858?
2
What is the hundreds digit of 2519?
5
What is the thousands digit of 6823?
6
What is the units digit of 955?
5
What is the ten thousands digit of 46403?
4
What is the units digit of 3908?
8
What is the hundreds digit of 4404?
4
What is the hundreds digit of 9092?
0
What is the hundreds digit of 4246?
2
What is the units digit of 5039?
9
What is the units digit of 8363?
3
What is the hundreds digit of 2205?
2
What is the tens digit of 1131?
3
What is the hundreds digit of 4753?
7
What is the thousands digit of 43159?
3
What is the thousands digit of 8437?
8
What is the tens digit of 1829?
2
What is the hundreds digit of 597?
5
What is the units digit of 19?
9
What is the hundreds digit of 25302?
3
What is the hundreds digit of 534?
5
What is the units digit of 995?
5
What is the hundreds digit of 24802?
8
What is the tens digit of 3390?
9
What is the hundreds digit of 14533?
5
What is the tens digit of 38402?
0
What is the thousands digit of 20600?
0
What is the hundreds digit of 1141?
1
What is the units digit of 291?
1
What is the units digit of 4050?
0
What is the thousands digit of 2118?
2
What is the units digit of 243?
3
What is the units digit of 619?
9
What is the hundreds digit of 2853?
8
What is the tens digit of 939?
3
What is the tens digit of 1600?
0
What is the thousands digit of 12722?
2
What is the hundreds digit of 6960?
9
What is the units digit of 3095?
5
What is the hundreds digit of 2979?
9
What is the hundreds digit of 11665?
6
What is the tens digit of 941?
4
What is the units digit of 4920?
0
What is the ten thousands digit of 42566?
4
What is the units digit of 339?
9
What is the hundreds digit of 3036?
0
What is the units digit of 383?
3
What is the thousands digit of 7199?
7
What is the tens digit of 1027?
2
What is the tens digit of 1384?
8
What is the ten thousands digit of 74317?
7
What is the thousands digit of 1668?
1
What is the hundreds digit of 12363?
3
What is the units digit of 774?
4
What is the tens digit of 349?
4
What is the thousands digit of 32508?
2
What is the thousands digit of 3412?
3
What is the units digit of 11926?
6
What is the hundreds digit of 1143?
1
What is the ten thousands digit of 124111?
2
What is the hundreds digit of 9128?
1
What is the thousands digit of 6504?
6
What is the tens digit of 2188?
8
What is the hundreds digit of 7571?
5
What is the 